et w(x) = 2*x**3 - 108*x**2 - 38*x + 2031. What is w(54)?
-21
Let s(j) = -159*j**2 + 8*j + 5. Determine s(0).
5
Let y(l) = -210*l + 181. Determine y(1).
-29
Let g(p) = 42*p - 3579. Calculate g(85).
-9
Let n(t) = 11*t + 322. What is n(0)?
322
Let p(y) = 2*y**3 + 7*y**2 + 8*y + 16. Give p(-6).
-212
Let y(s) = -2*s**3 + 59*s**2 - 156*s + 2013. Give y(28).
-3
Let g(s) = 4*s**2 - 69*s + 259. What is g(0)?
259
Let w(n) = -5*n**2 - 182*n + 534. Calculate w(3).
-57
Let a(f) = -20*f**2 - 2719*f + 130. Calculate a(-136).
-6
Let q(m) = m**2 + 18*m - 589. Calculate q(17).
6
Let n(f) = -1291*f - 7755. Determine n(-6).
-9
Let c(d) = -2*d**3 + 337*d**2 + 858*d - 516. Calculate c(171).
-3
Let p(h) = 7*h**2 + 4*h + 4. What is p(-2)?
24
Let c(f) = -f**3 - 35*f**2 + 9*f + 11. Determine c(-5).
-784
Let s(r) = -r**3 + 50*r**2 + 332*r - 19. Calculate s(-6).
5
Let j(z) = z**3 - 4*z**2 - 3*z - 11. Calculate j(0).
-11
Let g(s) = -s**2 + 5*s + 64. Calculate g(12).
-20
Let b(u) = -64*u - 68. Determine b(2).
-196
Let v(i) = -199*i - 1607. Give v(-8).
-15
Let g(f) = 5*f**2 + 137*f + 869. Determine g(-10).
-1
Let c(g) = -1233*g + 5001. Calculate c(4).
69
Let o(p) = p**3 - 2*p**2 - 82*p + 27. Determine o(10).
7
Let w(b) = 19*b + 159. Give w(-12).
-69
Let j(h) = 649*h - 16236. Determine j(25).
-11
Let m(k) = 30*k**2 - 9*k + 5. Calculate m(1).
26
Let x(g) = -1153*g + 33434. What is x(29)?
-3
Let l(g) = -86*g + 924. Give l(11).
-22
Let q(l) = l**2 + 35*l - 206. What is q(-38)?
-92
Let w(k) = 2*k**2 + 69*k + 526. Calculate w(-9).
67
Let s(b) = b**3 - 16*b**2 - 9*b - 3. Determine s(-4).
-287
Let s(j) = 40*j + 424. Determine s(-11).
-16
Let y(h) = -6*h**2 + 126*h - 55. Give y(20).
65
Let l(s) = 817*s + 2376. Calculate l(-3).
-75
Let x(b) = 5*b**2 - 19*b - 47. Determine x(6).
19
Let g(v) = 410*v + 122. What is g(1)?
532
Let t(u) = 115*u + 3097. What is t(-27)?
-8
Let u(z) = z**2 - 18*z - 187. What is u(-8)?
21
Let g(j) = -3*j**2 - 59*j + 62. Calculate g(1).
0
Let o(n) = -22*n + 192. What is o(13)?
-94
Let i(s) = -s**3 - 2*s**2 - 45. What is i(-4)?
-13
Let m(t) = -27*t + 643. Give m(29).
-140
Let n(p) = p**2 - 46*p + 492. Give n(29).
-1
Let s(x) = -29*x + 35. Calculate s(4).
-81
Let g(z) = 4*z + 96. What is g(8)?
128
Let a(w) = -w**3 - 48*w**2 - 137*w - 87. What is a(-45)?
3
Let a(m) = 88*m - 1050. Determine a(12).
6
Let u(n) = -667*n + 5. Give u(0).
5
Let f(w) = -2*w**3 + 2*w**2 + 17*w - 30. Give f(2).
-4
Let q(v) = -v**2 + 6120*v + 49024. Calculate q(-8).
0
Let z(b) = b + 30. Give z(-2).
28
Let o(p) = 12*p**3 - 3*p**2 + 5*p. Calculate o(2).
94
Let s(y) = -60*y + 3495. What is s(59)?
-45
Let v(g) = g**3 + 12*g**2 + 47*g + 123. What is v(-8)?
3
Let t(a) = a**3 - 15*a**2 - 16*a + 5. Calculate t(16).
5
Let f(i) = 13*i - 321. Give f(13).
-152
Let z(k) = 2*k**2 - 41*k + 56. Give z(19).
-1
Let q(i) = 13*i**2 - 5*i + 3. Give q(-1).
21
Let a(q) = q**3 + 15*q**2 + 17*q - 15. Give a(-13).
102
Let g(z) = 3*z**2 + 94*z + 124. Give g(-30).
4
Let h(x) = -x**3 + 101*x**2 - 194*x - 363. Give h(99).
33
Let f(x) = x**3 - 23*x**2 - 18*x - 786. Determine f(25).
14
Let l(n) = 35*n**3 + 3*n**2 + 52*n + 49. Give l(-1).
-35
Let n(t) = -10*t - 360. Calculate n(-35).
-10
Let i(g) = g**2 - 24*g + 131. Calculate i(15).
-4
Let q(j) = -j**3 - 9*j**2 - 11*j - 57. Determine q(-9).
42
Let s(w) = 21*w - 404. What is s(18)?
-26
Let l(b) = -9*b - 217. Give l(-17).
-64
Let k(q) = -69*q - 400. Determine k(-6).
14
Let q(a) = a**3 + 14*a**2 + 33*a - 15. What is q(-14)?
-477
Let h(z) = 66*z - 92. Calculate h(1).
-26
Let b(c) = 3*c**2 - 22*c - 345. Determine b(15).
0
Let f(w) = 132*w - 473. Determine f(3).
-77
Let m(u) = -2*u**2 + 14*u + 150. Give m(13).
-6
Let s(v) = 161*v + 8373. Determine s(-52).
1
Let f(u) = 489*u + 2040. What is f(-4)?
84
Let m(j) = 17*j**2 - 15*j. Calculate m(3).
108
Let h(t) = -t**3 - 4*t. Give h(0).
0
Let o(l) = l**2 - 423*l - 3887. Give o(-9).
1
Let x(b) = -2*b**3 - 22*b**2 + 2*b + 25. Give x(-11).
3
Let y(n) = n**2 + 15*n - 114. Determine y(-23).
70
Let o(b) = -204*b + 17547. What is o(86)?
3
Let c(j) = 2605*j - 7819. What is c(3)?
-4
Let z(b) = -b**3 + 51*b**2 + 55*b - 55. Determine z(52).
101
Let x(o) = o**2 + 21*o - 117. What is x(4)?
-17
Let u(d) = d**3 - 20*d**2 + 13*d - 37. Calculate u(19).
-151
Let k(s) = -3*s**3 - 29*s**2 + 9*s + 67. What is k(-10)?
77
Let b(w) = 3*w**2 + 28*w + 74. What is b(-11)?
129
Let a(c) = 17*c**2 - 9*c + 5. Determine a(1).
13
Let r(o) = -8*o**2 - 48*o + 120. Give r(-8).
-8
Let u(w) = w**3 + 11*w**2 - 8*w + 39. What is u(-12)?
-9
Let y(f) = f**2 - 47*f + 566. Determine y(25).
16
Let s(h) = h**3 + 12*h**2 - 14*h - 252. Give s(-11).
23
Let u(p) = 5*p + 155. Give u(26).
285
Let y(j) = j**3 - 31*j**2 - j - 1. Calculate y(31).
-32
Let g(t) = -185*t - 319. What is g(-3)?
236
Let j(y) = -2*y**2 + 2. What is j(-5)?
-48
Let i(o) = 1652*o + 23131. Give i(-14).
3
Let j(g) = g**3 - 4*g**2 - 3*g - 41. Determine j(6).
13
Let h(c) = 156*c - 9639. What is h(62)?
33
Let g(z) = -186*z. Give g(-1).
186
Let z(j) = 2*j**3 + 91*j**2 - 249*j - 430. Determine z(-48).
2
Let g(a) = -3*a**3 + 56*a**2 + 66*a + 62. Give g(20).
-218
Let b(j) = 7*j**3 - j**2 - 18*j - 72. What is b(-3)?
-216
Let t(n) = -115*n + 2. What is t(0)?
2
Let h(j) = -j**2 - 2117*j - 8453. Calculate h(-4).
-1
Let f(d) = 2*d**2 + 20*d - 109. Calculate f(-11).
-87
Let x(d) = -d - 84. Determine x(-7).
-77
Let u(c) = c**2 + 32*c - 2435. Determine u(37).
118
Let s(o) = -8*o**2 - 226*o + 394. Give s(-30).
-26
Let l(z) = 4*z**2 - 43*z - 184. Calculate l(14).
-2
Let a(d) = -75*d + 1051. Determine a(14).
1
Let g(x) = x**2 + 45*x + 462. What is g(-33)?
66
Let g(y) = 41*y + 6. Give g(0).
6
Let m(y) = -11*y**3 + 81*y**2 - 33*y + 6. Give m(7).
-29
Let i(g) = g**3 + 81*g**2 + 884*g + 45. Determine i(-13).
45
Let r(c) = -375*c + 37484. Determine r(100).
-16
Let c(l) = -l**3 + 7*l**2 + 40*l - 283. What is c(7)?
-3
Let m(p) = 117*p + 4439. Give m(-39).
-124
Let l(o) = -100*o + 407. Calculate l(4).
7
Let q(c) = -497*c - 36278. Give q(-73).
3
Let f(t) = 4*t**2 + 102*t - 319. What is f(3)?
23
Let v(d) = 111*d - 4798. Give v(43).
-25
Let q(t) = 2378*t - 11824. Give q(5).
66
Let u(k) = k**2 + 145*k - 675. Calculate u(-150).
75
Let j(w) = -5398*w + 43160. Give j(8).
-24
Let v(u) = -15*u + 18. Determine v(1).
3
Let i(n) = 38*n**2 + 123*n + 24. What is i(-3)?
-3
Let q(p) = 12*p**2 - 3*p - 3. Calculate q(3).
96
Let d(l) = l**2 + 21*l - 20. Give d(0).
-20
Let z(p) = -p**2 + 231*p + 938. Determine z(-4).
-2
Let i(r) = -2*r**2 + 51*r - 49. What is i(26)?
-75
Let i(r) = -r**2 + 4*r - 45. Calculate i(-16).
-365
Let i(c) = 202*c - 799. Calculate i(4).
9
Let k(s) = -4*s**3 + 334*s**2 + 146*s + 1857. Calculate k(84).
9
Let g(t) = 220*t**2 - 885*t + 22. Calculate g(4).
2
Let s(l) = -2*l**3 - 7*l**2 + 32*l - 132. Determine s(-7).
-13
Let k(p) = 20*p - 515. Determine k(22).
-75
Let a(m) = 43*m**2 - 3*m. Give a(2).
166
Let f(j) = -j**2 - 3883*j + 19436. Calculate f(5).
-4
Let r(p) = 1001*p - 4637. Determine r(5).
368
Let n(a) = -a**2 + 59*a - 757. Give n(40).
3
Let f(u) = -473*u + 4754. What is f(10)?
24
Let j(k) = 986*k + 9889. Give j(-10).
29
Let x(c) = -3*c**2 + 20*c + 104. Give x(-8).
-248
Let w(b) = -673*b - 2678. Determine w(-4).
14
Let j(b) = b**3 - 7*b**2 - 10*b + 84. Give j(7).
14
Let q(c) = 201*c + 822. What is q(-4)?
18
Let x(n) = -5*n**2 - 83*n + 91. Determine x(-18).
-35
Let z(b) = -b**3 - 117*b**2 + 235*b - 362. Determine z(-119).
-5
Let l(u) = u**3 - 82*u**2 - 662*u + 41485. Give l(84).
-11
Let x(f) = 52*f + 1466. What is x(-27)?
62
Let x(r) = -6*r - 125. Give x(-3).
-107
Let r(l) = 3*l + 153. Give r(-49).
6
Let j(z) = z**3 + 20*z**2 + 24*z - 32. Calculate j(-20).
-512
Let y(w) = -6*w + 18. What is y(1)?
12
Let o(v) = -80*v + 756. Determine o(9).
36
Let s(j) = -18*j**3 + 9*j**2 - 7*j + 6. Calculate s(2).
-116
Let x(m) = m**3 + 6*m**2 + 55*m + 566. What is x(-8)?
-2
Let a(c) = -38*c + 1640. Calculate a(43).
6
Let z(c) = -c**2 - 43*c - 211. Calculate z(-8).
69
Let i(b) = b**2 + 122*b + 238. What is i(-2)?
-2
Let c(j) = 15*j**2 + 349*j - 6. Determine c(-23).
-98
Let s(g) = 3942*g - 3926. What is s(1)?
16
Let q(u) = 2*u**3 - 107*u**2 + 53*u + 13. Determine q(53).
13
Let r(m) = -39*m + 159. What is r(5)?
-36
Let i(a) = -a**2 - 158*a - 1633. Giv